6*1). What is the highest common factor of 10 and g?
10
Let q(t) = -t**3 - 3*t - 4. Let a be q(-2). What is the highest common divisor of a and 50?
10
Let s(h) = -60*h**3 + h**2 - 1. Let p be s(-1). Let b = p + -30. Calculate the greatest common factor of 45 and b.
15
Suppose -5*v + 0*v - 4*c = -33, c = 3*v - 13. Suppose -v*r - 94 = -434. What is the highest common factor of 17 and r?
17
Let d(a) = 12*a**2 - 1. Let k be d(1). Suppose 4*o + 3 = 19. Let q be 130/3 - o/(-6). What is the highest common divisor of k and q?
11
Let k = 27 - 15. Suppose 5*m - 2*j - 245 = 411, 530 = 4*m + j. Calculate the highest common factor of m and k.
12
Suppose -3*u + 2*u = 5*h - 123, -4*h + 2*u = -104. What is the highest common divisor of 225 and h?
25
Let d = 3 + -1. Suppose f + 2*z = -6, 4*f = z - 5*z - 4. Suppose 3*l - 3*p = 9, 18 = -0*l + l + f*p. Calculate the greatest common factor of d and l.
2
Suppose -4*k - 18 = -6. Let y(b) = -b**3 - 3*b**2 - 2*b - 4. Let x be y(k). What is the highest common divisor of x and 2?
2
Let l(p) = -p**3 - 3*p**2 + 4. Let x be l(-2). Suppose 0 = -3*j + 3*n + 127 + 140, x = 3*j + 4*n - 274. Calculate the greatest common factor of j and 36.
18
Let h(b) = -b**3 - 5*b**2 + 2*b + 9. Let n be 58/(-10) + 2/(-10). Let z be h(n). Calculate the greatest common divisor of z and 22.
11
Suppose t + 7 = 20. Calculate the highest common divisor of t and 65.
13
Let w = 79 - 52. What is the greatest common factor of 108 and w?
27
Suppose 5*u - 240 = u. Let m be (u/(-35))/(4/(-14)). Let f be (4/(-12))/((-1)/m). Calculate the greatest common divisor of 8 and f.
2
Let z(w) be the second derivative of w**3/6 + w**2/2 - 4*w. Let s be z(5). Let b be s*3*11/6. Calculate the greatest common factor of b and 3.
3
Suppose 6*h = 4*h - 4*f + 16, 3*h - 24 = -3*f. Calculate the highest common divisor of 104 and h.
8
Let b(u) be the second derivative of u**5/20 + u**4/3 - u**3/2 - 7*u**2/2 + 2*u. Let n be b(-4). Calculate the highest common divisor of 15 and n.
5
Let r be (76/1)/((-12)/(-42) + 0). What is the greatest common divisor of r and 38?
38
Let g be 2/(-9) + 533/9. Suppose -478 = -3*s + 4*a, 2*s - 2*a = g + 257. Calculate the highest common divisor of 14 and s.
14
Let v = 9 + -6. Suppose -a + 5 = -v. Let u be (-2)/a + 267/12. Calculate the greatest common factor of 176 and u.
22
Let d(g) = 13*g**2 + 1. Let r be d(5). Suppose 0 = -3*l + r + 268. Calculate the greatest common factor of 22 and l.
22
Let r = 78 + -132. Let x = 90 + r. Suppose 4*u = -8 + x. Calculate the highest common factor of 28 and u.
7
Suppose -3*v = 6*v - 324. What is the greatest common divisor of 4 and v?
4
Let m(d) = -d**2 - 11*d - 8. Let q be m(-7). Let w = 0 - -4. What is the greatest common divisor of q and w?
4
Let w = 17 - -38. Calculate the highest common factor of 22 and w.
11
Suppose -130 - 83 = -3*r. Let x be r - (0 - 1)/1. Suppose -34 = -4*l + q, 5*l + 6*q - 32 = 2*q. What is the greatest common divisor of x and l?
8
Suppose 0 = -2*w - 2*w - 16. Let c be (w/5)/(2/(-5)). Suppose 0 = -5*q + 3*j + 58, j - 9 - 12 = -c*q. Calculate the highest common divisor of q and 11.
11
Let j(c) = -c**3 + 11*c**2 - 9*c + 3. Let z be j(7). Calculate the greatest common factor of z and 17.
17
Suppose 4*x + 5*p - 2*p = 145, -5*p + 55 = 2*x. Suppose -4*v + 32 = 12. Suppose -v*a = -0*a - 80. What is the highest common factor of x and a?
8
Let c = -15 + 26. What is the greatest common divisor of c and 77?
11
Let g(s) = s**3 + 6*s**2 + s - 5. Let o be g(-5). Suppose -2*y + 63 = 4*h + y, h = -y + o. What is the highest common factor of 12 and h?
6
Let g(z) = -2*z + 32. Let w be g(9). What is the greatest common divisor of w and 98?
14
Suppose 2*o - 167 = 119. Calculate the greatest common factor of o and 13.
13
Let l be (-1)/(-3) - 742/(-6). Suppose 3*k = l + 11. Suppose 7 + k = u. What is the highest common divisor of 13 and u?
13
Suppose -13 = -2*u - 3, -t - 13 = -3*u. Suppose t*k = 3*k - 20. What is the highest common divisor of 20 and k?
20
Suppose 146 = 5*l - y + 3*y, 0 = 5*l - 5*y - 125. Calculate the greatest common divisor of l and 28.
28
Suppose -177 = -3*s + 3*k, -2*k = -4*s + 3*s + 55. Suppose 0*y + 2*y - 18 = 0. What is the greatest common factor of s and y?
9
Suppose 3*j = t - 0*j - 123, 4*j = 3*t - 364. Calculate the highest common divisor of t and 24.
24
Suppose -4 = a, -y + 3*a + 22 + 26 = 0. What is the greatest common divisor of y and 12?
12
Suppose 4*q = 3*n - 13 + 2, 5*n = -3*q + 28. Suppose 0 = -2*h - 2*h - 36. Let k = -4 - h. Calculate the highest common factor of k and n.
5
Let x(v) be the third derivative of -v**4/12 - 2*v**3 - 2*v**2. Let a be x(-8). Suppose -q = -a*q + 57. Calculate the greatest common divisor of q and 19.
19
Let q = 79 + -55. What is the greatest common factor of q and 192?
24
Let t be (2/(-4))/(1/(-10)). Suppose -f - 4*f = -5. Let l(p) = 6*p**3 - p**2. Let j be l(f). Calculate the highest common divisor of t and j.
5
Suppose -g - 9 = 3. Let y be (9/g)/(2/(-64)). Calculate the greatest common factor of y and 24.
24
Let j be 0 + 0 + 1/(-1). Let r be j*23*(-2 - -1). Suppose 0 = -3*b + 25 + r. Calculate the greatest common factor of b and 16.
16
Suppose -2*g = -3*m - 14 - 37, -g = m - 13. Let u = -7 + 67. Suppose 2*s - 16 = -2*a - 0, 4*s - 3*a - u = 0. What is the greatest common factor of s and g?
6
Suppose 0 = -3*y + 12 + 36. Let r = y + -8. Calculate the highest common divisor of 8 and r.
8
Suppose -2*g - 44 = -4*a, -2*g + 2*a - 3*a - 24 = 0. Let u be 21/g*32/(-3). What is the highest common factor of u and 40?
8
Suppose -5*h = -5*u + 260, -132 - 136 = -5*u + h. Let d be ((-2)/6)/((-3)/54). Suppose -l + d = -0. What is the highest common divisor of u and l?
6
Let d be (-4)/22 + 662/11. Suppose -2*m + 2*r + 14 = 0, 0*m + 5*r - 13 = m. What is the highest common divisor of d and m?
12
Let o = 5 - -37. Calculate the highest common divisor of o and 21.
21
Let m = -3 + 6. Let w be 0/6 - 2*-8. Suppose -y + m*r + 6 = -8, 3*r = -5*y + w. What is the highest common factor of y and 45?
5
Let p = 11 - -9. Calculate the highest common divisor of p and 10.
10
Suppose l = -2*l + 12. Let d be (-4)/14 + (-60)/(-14). Suppose l*j - d*o - 128 = 0, -16 = -j - 2*o - o. What is the highest common factor of 42 and j?
14
Let q(b) = -b - 2. Let j be q(-5). Let m = j + 19. Calculate the highest common factor of 132 and m.
22
Let b(j) = -j**3 + 9*j**2 - 7*j + 4. Let s be b(8). What is the greatest common divisor of s and 132?
12
Suppose 4*m = 4*v + 28, 3*m + 0*v - 13 = 5*v. Let u = -19 + 41. Calculate the highest common factor of u and m.
11
Let w = 15 - 0. Let s be ((-5)/(5/(-4)))/2. Suppose 7*l - 30 = s*l. Calculate the greatest common divisor of l and w.
3
Suppose -11*h + 7*h + 200 = 0. Calculate the highest common factor of h and 30.
10
Let f = 54 + -36. What is the greatest common factor of f and 12?
6
Let i(j) = 20*j**2 - 3*j - 1. Let t be i(-2). Suppose -10 = -r + 3*r. Let l(g) = -3*g + 2. Let n be l(r). What is the highest common divisor of n and t?
17
Let b(d) = -d**3 - 12*d**2 + 13*d + 6. Let t be b(-13). What is the greatest common factor of 6 and t?
6
Suppose 2*a = -8, -102 = -5*y - a + 4*a. Let s = -774 - -450. Let o be (s/(-14))/(1/7). What is the greatest common divisor of o and y?
18
Suppose -3*f = 4*i - 11, 0*i - 4*f = 3*i - 3. Calculate the highest common factor of 25 and i.
5
Suppose -4 = -3*r + r. Suppose r*g + 2 = 10. Let p = -15 - -35. What is the highest common factor of p and g?
4
Suppose 3*r - 2 = 7. Let k = r - 2. Calculate the greatest common divisor of k and 5.
1
Suppose g = 5*a - 177, 0 = -2*a + 8*g - 7*g + 69. Calculate the greatest common divisor of a and 108.
36
Suppose z + z = 4. Let k(s) = 0*s**3 - z*s**3 + 3*s**3 + 2*s**2 - 1. Let x be k(2). Calculate the highest common factor of x and 30.
15
Suppose 0 = -i + 4*s + 16, i + s + 1 - 12 = 0. Let p(t) = 2*t**2 - 17*t + 4. Let j be p(i). What is the highest common divisor of 8 and j?
8
Let l(f) = -24*f. Let a be l(-1). Calculate the greatest common factor of 8 and a.
8
Suppose 5*n = 4*w - 1, 4*w = -w + 4*n + 8. Suppose 5*m = w*f - 390, 5*f - m - 477 = -0*m. Calculate the greatest common factor of 19 and f.
19
Let k be 42/24 - (-2)/8. Suppose 0 = -4*g + k*g + 4, -13 = -3*z + g. Let q(l) = l**2 -